ulate (-6 - -2) + 2 + -10 + 10.
-2
What is 1 + -9 + (-4 - -3 - 1)?
-10
What is -5 + (3 - (-7 - -4))?
1
5 + -12 + (2 - (-5 + 5))
-5
Calculate 4 - ((3 - (-3 - 1)) + 2).
-5
What is the value of -21 - (-13 + 4) - -5?
-7
0 + 2 + -8 + (6 - 7)
-7
What is 11 + -17 + -5 - -16?
5
What is 5 + (1 - 2 - (-1 + 1))?
4
3 - (12 - 4) - 0
-5
What is -11 + -2 - -10 - (-10 - -1)?
6
What is (4 - 0) + -12 - -4?
-4
What is -5 + -19 + 9 + 16?
1
Evaluate -1 + (1 - (-4 - 1)).
5
Calculate -2 - 1 - ((-6 - -13) + -5).
-5
What is -6 + -4 + 18 - 4?
4
What is (1 - 5) + 10 - 6?
0
What is -9 + 0 - (7 - (-8 - -17))?
-7
What is the value of -17 + 14 + 2 + -3?
-4
Calculate -6 + 4 - (0 + 8) - -7.
-3
What is 7 + -3 + 3 + 7 + -9?
5
What is the value of -5 + -2 + 8 + (9 - 15)?
-5
What is (3 - 1) + 0 + 5 + -7?
0
What is the value of -9 + -3 + (4 - -5)?
-3
Evaluate -1 + -2 - (-3 - -6 - 10).
4
Calculate -8 + -1 + -2 - -6 - -3.
-2
(-13 - (-6 - 4)) + -1
-4
Calculate 1 + 3 + (5 + -1 - 14).
-6
What is the value of 9 + -8 + -3 + (4 - -1)?
3
-7 - (-11 - -7 - -1)
-4
What is 10 + (-8 - 1 - -3)?
4
What is (-2 - 1 - (69 - 74)) + -6?
-4
What is (3 - 1) + (7 - (-19 + 30))?
-2
Evaluate (-6 - 0) + 9 + 9 + -20.
-8
Evaluate (0 - -6) + -11 + 4.
-1
What is 5 + -13 + (9 - 6)?
-5
Evaluate (-31 - (14 + -28)) + 6 + 1.
-10
What is -6 - (5 + -4 + -4)?
-3
What is -1 + -4 - ((38 - 20) + -21)?
-2
Evaluate -1 + 2 + (5 - 11).
-5
(2 + -3 - -7) + -8 + 11
9
What is -1 - ((-3 - 3) + 3)?
2
Calculate -9 - (-7 - (9 - (12 - -6))).
-11
What is the value of -2 - -1 - (-32 - -28)?
3
What is the value of (1 - 6) + 2 + (2 - 3)?
-4
Evaluate 11 - (5 + -1 - (-2 + -2)).
3
What is -2 - (5 - (10 - 7))?
-4
What is (9 - 11) + -1 + -3?
-6
-9 + (0 - -4) + 1 + -1
-5
Calculate 2 + -4 + 1 - 3 - -3.
-1
Calculate 0 - -10 - (32 - 23).
1
Evaluate -7 + 6 + 0 + 2.
1
-2 - ((5 - 0) + -2)
-5
Calculate (1 - (-4 + 6)) + 10 + -3.
6
(0 - 6) + (-1 - -6)
-1
(1 - ((5 - 5) + 2)) + -2
-3
Evaluate 7 - (3 - 6 - -15).
-5
1 + -4 - (8 + -7)
-4
(1 - (4 + 2)) + 7 + -5
-3
What is the value of -7 + 2 - (-1 - 7)?
3
What is 3 - (4 + -1 - 5 - 0)?
5
Calculate 4 + -4 - 2 - 2.
-4
What is the value of (-4 - (10 - 6) - -4) + 5?
1
What is (-11 - -12) + 1 + -1?
1
Calculate -1 + 2 + (-5 - -4).
0
What is the value of 0 - (8 - 13 - (-5 + -1))?
-1
What is 4 - (2 - 10 - -10)?
2
What is 5 + -7 - 5 - (7 + -12)?
-2
6 - (-1 - (-2 + -9))
-4
What is the value of -4 + 1 + (16 - (2 - -7))?
4
Calculate 4 + -6 + (3 - (2 + -6)).
5
5 + -8 - 1 - -11 - 7
0
5 + (-2 - -1) - (5 - 6)
5
Evaluate (1 - -10 - 6) + -3 - -6.
8
Evaluate -7 + 5 + -7 + 6.
-3
-1 + -10 - (-9 + -6 + 9)
-5
Evaluate -5 + (1 - (-4 - -4)).
-4
Evaluate 7 + -12 + 12 + 0 + -3.
4
What is 13 - 12 - (0 + 0)?
1
6 + -6 + -4 + 8 + 0
4
Evaluate -6 + (0 - (-6 - -3)) - 5.
-8
0 - 1 - (-45 - -43)
1
(-2 - 1 - -1) + 3 + -4
-3
Calculate 4 + (2 + -4 + 1 - -3).
6
Calculate -4 + 3 - 2 - 0.
-3
What is (-2 - (6 - 4)) + -2?
-6
What is 1 + 1 + (2 - 2)?
2
What is the value of (-1 - (-2 + 4)) + 3 + 2?
2
Evaluate -5 + 9 + (8 - 13).
-1
Calculate -5 + (-2 - 3) + (8 - 1).
-3
Evaluate 2 - (-2 + -5 + -9 + 11).
7
What is the value of (-3 - -1) + 1 - 0?
-1
What is the value of -14 - ((8 - 27) + 13)?
-8
Calculate 48 + -47 - ((0 - -1) + 0).
0
Evaluate (0 - 1) + 2 + -3 - -3.
1
What is (3 - 2 - 2) + -2 + 7?
4
Evaluate (0 - 9) + 14 + -6.
-1
Calculate 1 + 3 + (-6 - 1) + 10.
7
-2 - 0 - (-4 - (14 - 12))
4
What is 18 + -10 + -20 + 8?
-4
Evaluate -3 + 0 - (-16 + 14).
-1
What is -2 + 8 + (9 - 12)?
3
0 + 1 + -8 + 8
1
Evaluate -5 + 1 - (3 - 8).
1
-7 + (0 + -3 - -9)
-1
Evaluate 9 - 1 - (25 + (-9 - 2)).
-6
What is the value of (2 - 8) + 0 + 11?
5
Evaluate (1 - 1) + -5 + 8.
3
1 + 1 + 1 + 2 + 0
5
(1 - 7 - -4) + -3
-5
Evaluate 2 + (-1 - (3 - 0)).
-2
What is -1 - 0 - (-3 - -2 - 0)?
0
What is the value of 3 + 0 - (6 - 7)?
4
Evaluate (5 - ((6 - 5) + -1)) + -5.
0
What is the value of 3 - ((-1 - 1) + 8)?
-3
What is the value of -3 + -4 + 4 - (2 + -5)?
0
Calculate 7 + -6 + 0 + 4.
5
What is the value of 0 - (-4 + -3 - -6)?
1
Evaluate 5 - (-3 + 8 + -5) - 11.
-6
1 + 0 + (25 - 20) - 7
-1
What is the value of 1 - (-4 + 0 - (18 + -23))?
0
Calculate (1 - 3) + -186 + 184.
-4
What is the value of -4 + 7 + -4 + -1?
-2
(-4 - -3) + 1 + 5
5
Calculate 16 - 16 - (5 - 2).
-3
What is -6 - (-14 + 6) - 0?
2
Evaluate (1 - 5) + 0 + 8.
4
What is the value of -10 + 19 + -9 + -6?
-6
What is -4 + 0 + -4 + 8?
0
Evaluate (4 - 0 - 5) + 2.
1
(28 + -20 - 1) + 0 + 1
8
Evaluate 0 - 0 - (16 - 9 - 13).
6
What is the value of (3 - (0 + 0)) + -6?
-3
What is the value of 2 + (-1 - (5 - 8))?
4
-3 + 5 + -4 + 5
3
What is the value of -9 - (-6 + 2 + 0 + -1)?
-4
What is the value of -4 - (4 - 4) - 4 - -3?
-5
Calculate -7 + (3 - -1 - -1) + -2.
-4
Evaluate (-2 + 1 - 3) + (-48 - -50).
-2
Calculate 3 + 0 + (-9 - -9).
3
Calculate -2 + (-6 + 1 + -6 - -6).
-7
Evaluate 11 + -4 + -11 + 1.
-3
Evaluate 1 + 1 + 2 + -3.
1
What is the value of -2 + (0 - (0 + 2 + 3))?
-7
What is the value of 4 - 1 - (16 - 17)?
4
What is the value of 1 - 1 - (-3 - (3 - 3))?
3
Calculate (-2 - -1) + (-7 - -3).
-5
Calculate 0 + 7 + -2 - 4.
1
(-1 - (-6 - -7)) + 0
-2
What is (-2 - 1) + 0 - (-1 + -1)?
-1
Evaluate -2 - 2 - (-7 + -1 - -1).
3
Evaluate -63 + 54 - (-17 - -3).
5
Calculate 0 + (6 - 7) + 7 + -4.
2
Evaluate -4 + -5 + (4 + 2 - -1).
-2
0 + -2 - (-76 + 65)
9
1 + -6 + (29 - 29)
-5
What is the value of -9 + (5 - -5) + -7?
-6
What is -22 + (-11 - -19) + 23?
9
0 - (-3 + (6 - 4))
1
What is -4 + (6 + 0 - -1)?
3
What is 0 - ((-1 + -7 - -5) + 8)?
-5
Calculate -3 - ((-13 + 8 - -7) + 3).
-8
-1 + -2 - (-51 - -42)
6
What is the value of 3 - (5 + 4 + -3)?
-3
-1 + 7 + (6 - 2 - 3)
7
Evaluate -7 - ((-3 - 10) + 0).
6
(-8 - (-9 - 4)) + -1
4
What is the value of 1 + (8 - -2) + -5 + -1?
5
(-4 - 4) + -19 + 18
-9
(2 + -1 - (-1 + 1)) + -4
-3
Evaluate (124 - 121) + 2 + 1 + -2.
4
-8 + (8 - 3) + 7
4
Evaluate -5 + 7 - (-1 + -2).
5
Calculate -4 + (-4 - -7) + 1 + 4.
4
What is the value of (3 - -1) + -21 + 18?
1
What is the value of (-4 - 4 - (-21 + 15)) + 6?
4
-1 - (-19 + 9 + 15)
-6
(-2 - 0) + 10 - (8 + -5)
5
What is the value of 3 + 2 + -5 - 6?
-6
Calculate -3 + (4 - (-5 + 9)).
-3
What is 3 + (-4 + 1 - 2)?
-2
Calculate (-9 - (-2 - -1)) + (-73 - -74).
-7
(1 - 1) + -2 + 4 - 0
2
What is (8 - 8) + -1 - -7?
6
What is the value of 5 + (-13 - -7) + 1 + 3?
3
Evaluate 1 + 2 + 1 + 0.
4
Calculate -2 + -5 + 7 + 2 + 1.
3
4 - (0 + -2 + 1 - -1)
4
Calculate 3 + 4 - 12 - -3.
-2
What is the value of (2 - (4 - -2)) + 0 - -3?
-1
4 - (11 + -3 + -3)
-1
(-4 + 3 - 3) + (-1 - 0)
-5
Evaluate 0 + 0 + -7 + 6.
-1
What is the value of -5 - ((-2 - 4) + 6)?
-5
Evaluate 0 + 8 + -10 + (4 - 0).
2
Evaluate -6 + (0 - 1 - -2).
-5
(-3 + 1 - -14) + 2 + -5
9
What is 7 - (-2 - -3 - -1)?
5
8 - ((0 + -1 - -19) + -3)
-7
Evaluate -11 - (-2 - (-13 + 24)).
2
What is the value of -3 + 6 - (-17 + 12 + 6)?
2
(5 - 5) + -4 - (-5 + 0)
1
Calculate -18 - -10 - (-6 + -2).
0
What is -1 + (-1 - (-6 + -5 + 5))?
4
What is the value of -14 + 0 + (36 - 23)?
-1
What is the value of -4 - (-2 + 0 - 2)?
0
What is 14 + -1 - 6 - (2 + 8)?
-3
What is (-7 - 1) + 14 - 0?
6
Calculate 0 - (2 - (1 - -4)).
3
What is -1 - -6 - ((8 - 9) + 2)?
4
Calculate 4 + (-10 + 3 - -4).
1
(11 - 4) + -12 + 8
3
What is the value of (-2 - 6) + 8 + 6?
6
4 - (-8 + 13) - -8
7
-4 + (5 - 2) + 8
7
-6 + 9 + (-1 - 1)
1
Calculate -2 + (8 - (6 + 0)) - 9.
-9
What is 39 + -38 - (7 - (-1 + 1))?
-6
What is 10 - (10 + -9 + 8)?
1
Calculate 10 - 11 - (6 + 0 + -3).
-4
-4 + (0 - -6) + 0 + -3
-1
Calculate -2 + -1 + 0 + (0 - -2).
-1
Calculate (-17 - -27) + -7 + 2 + 5.
10
Evaluate (-2 + 0 - -15) + (20 - 25).
8
8 + -6 + (0 + -8 - -5)
-1
(-4 - (-2 + 6)) + 12
4
What is the value of (-6 - 3) + 6 + (0 - 0)?
-3
What is (21 - (33 - 20)) + 2 + 0?
10
What is the value of -9 - (10 + -32 - -11)?
2
What is -4 + (0 - -6) + 5 + -10?
-3
What is the value of 1 - ((0 - 0) + 1 + 1)?
-1
Calculate 13 - (4 + -2) - (7 - 4).
8
8 + (-5 - 5) - 1
-3
What is 3 + -5 + -1 + 2 + 1?
0
What is -1 + (-4 - -3) - 1?
-3
What is (6 - (-3 - 1 - -5)) + -5?
0
15 + -4 - (0 - -6) - 2
3
What is the value of (2 - 2) + (-3 - 3) + 2?
-4
What is the value of (-33 - -12) + 12 - -18?
9
Evaluate 11 + (-4 - (3 + (-3 - -1))).
6
-5 + (2 - -2) + -7 + 3
-5
Evaluate 14 - (25 + -13 + 7).
-5
What is the value of -2 + 11 - ((-2 - 10) + 18)?
3
Evaluate 2 + 0 -